552993. Calculate a(-91).
105
Let d(m) = -m**2 - 365*m - 6145. What is d(-18)?
101
Let s(f) = -836*f**2 + 80257*f - 91. Give s(96).
5
Let y(v) = -32335*v + 4817923. What is y(149)?
8
Let l(h) = 2*h**3 + 136*h**2 - 130*h + 539. Calculate l(-69).
-13
Let a(k) = k**3 + 36*k**2 + 199*k + 4. Give a(-7).
32
Let h(w) = -4*w**3 + 124*w**2 + 22*w - 756. Calculate h(31).
-74
Let q(k) = k**3 - 99*k**2 - 3250*k - 18. Determine q(125).
-18
Let y(o) = -9*o**2 - 241*o + 270. Determine y(-28).
-38
Let c(s) = -2*s**2 + 284*s + 4432. Give c(-14).
64
Let j(d) = 1128*d**2 + 64293*d - 192. Give j(-57).
-21
Let s(y) = 834*y + 41782. What is s(-50)?
82
Let r(o) = 2*o**3 + 508*o**2 - 5826*o + 1052. Determine r(-265).
-8
Let v(h) = -192*h**3 - 762*h**2 + 34*h - 76. What is v(-4)?
-116
Let b(i) = 807*i + 5902. Determine b(-8).
-554
Let p(h) = h**3 - 216*h**2 - 345*h + 27782. Determine p(217).
6
Let x(g) = -g**3 - 648*g**2 + 5850*g + 737. Give x(9).
170
Let a(k) = 2050*k - 17744. What is a(9)?
706
Let u(z) = -3*z**3 + 93*z**2 - 299*z + 85. Give u(3).
-56
Let r(h) = h**3 - 91*h**2 + 25*h - 2494. What is r(91)?
-219
Let p(z) = -90*z**3 + 2*z**2 + 22*z - 15. Determine p(3).
-2361
Let f(v) = -21*v**3 + 79*v**2 + 17*v - 2. What is f(5)?
-567
Let n(l) = -4566*l - 14534. What is n(-5)?
8296
Let v(c) = 2*c**3 + 1068*c**2 - 7583*c - 4773. Calculate v(-541).
96
Let w(b) = -b**3 - 284*b**2 + 606*b + 9731. Determine w(-286).
7
Let o(l) = -l**2 + 138*l - 3682. Give o(28).
-602
Let j(z) = -22*z**2 - 63*z - 31. Calculate j(-2).
7
Let y(d) = -16*d**2 + 2482*d + 17399. Determine y(-7).
-759
Let q(s) = -3*s**3 + 892*s**2 - 298*s - 359. What is q(297)?
-656
Let r(l) = 3805*l + 102764. Calculate r(-27).
29
Let m(h) = -2*h**3 - 41*h**2 + 238*h + 342. Determine m(-25).
17
Let i(c) = c**3 + 48*c**2 + 4030*c + 153458. Determine i(-41).
-5
Let x(o) = 327806*o - 1966828. Calculate x(6).
8
Let a(c) = -18819*c + 959770. Determine a(51).
1
Let o(c) = 23961*c + 192135. What is o(-8)?
447
Let q(v) = 6324*v - 25448. Calculate q(4).
-152
Let l(f) = -27*f**2 + 1807*f - 27773. What is l(43)?
5
Let g(r) = -2*r**2 + 77*r - 733. Determine g(30).
-223
Let v(t) = -3*t**2 - 2908*t + 50290. Determine v(17).
-13
Let g(w) = -w**2 - 5566*w - 198697. Calculate g(-36).
383
Let l(c) = -9*c**3 + 90*c**2 - 131*c + 1410. Calculate l(10).
100
Let r(q) = -q**3 - 26*q**2 + 382*q + 8566. Determine r(-29).
11
Let d(y) = -13*y**2 + 5157*y + 12043. Calculate d(399).
73
Let v(u) = u**3 + 56*u**2 + 363*u + 358. Determine v(-9).
898
Let g(s) = -s**3 - 237*s**2 - 6212*s - 66. Calculate g(-30).
-6
Let i(c) = 27*c + 1473. What is i(-56)?
-39
Let b(k) = -38*k**2 + 2112*k + 825. What is b(56)?
-71
Let d(a) = a**3 - 51*a**2 - 13*a - 1165. What is d(52)?
863
Let r(g) = -g**2 + 32664*g + 32663. What is r(-1)?
-2
Let r(a) = 3199*a - 1957778. What is r(612)?
10
Let t(z) = z**2 - 59*z - 183. Give t(62).
3
Let d(s) = -475675*s - 15697268. Determine d(-33).
7
Let z(t) = -250*t + 6147. What is z(42)?
-4353
Let t(k) = 3*k**2 + 34024*k - 272340. Give t(8).
44
Let f(j) = 919*j - 21874. Calculate f(29).
4777
Let r(w) = -32*w**2 + 344*w + 113. What is r(15)?
-1927
Let j(r) = 83941*r**2 - 83910*r - 2. Calculate j(1).
29
Let l(k) = 14105*k - 17179883. Give l(1218).
7
Let o(a) = -16489*a - 1830292. What is o(-111)?
-13
Let t(q) = -206*q**2 - 6*q + 61. Calculate t(0).
61
Let d(o) = -237441*o - 712334. Determine d(-3).
-11
Let n(c) = -20460*c - 82192. Give n(-4).
-352
Let h(o) = -87*o**2 - 282*o + 379. Give h(1).
10
Let q(c) = -c**2 + 322*c - 20587. Determine q(235).
-142
Let c(d) = -5*d**3 + 235*d**2 - 135*d + 6355. Determine c(47).
10
Let q(h) = -50*h + 6847. What is q(137)?
-3
Let z(s) = 16*s**2 - 186*s - 2115. Calculate z(-17).
5671
Let w(n) = -51*n**2 + 814*n + 6514. Give w(-8).
-3262
Let x(k) = 167*k - 11675. Give x(64).
-987
Let d(g) = -g**3 + 29*g**2 - 99*g + 983. Give d(25).
1008
Let n(b) = b**2 + 15308*b + 671612. Determine n(-44).
-4
Let h(y) = 2165*y + 4484. Calculate h(-3).
-2011
Let q(s) = 51*s**2 - 2547*s - 2833. What is q(51)?
-79
Let a(f) = 3*f**2 + 1025*f - 25425. Determine a(-365).
125
Let d(p) = -p**3 + 80*p**2 + 1303*p - 132428. Determine d(73).
-6
Let v(h) = 9135*h - 502438. Determine v(55).
-13
Let x(j) = 11*j**2 - 27*j + 241. Determine x(9).
889
Let v(y) = y**2 - 33591*y - 1547225. What is v(-46)?
77
Let o(h) = 1057*h + 15204. What is o(-14)?
406
Let c(b) = -149*b**2 - 4355*b - 1019. Determine c(-29).
-33
Let x(u) = 3266*u + 58449. Calculate x(-18).
-339
Let i(p) = 1333*p - 6071. What is i(3)?
-2072
Let k(z) = -3*z**2 - 1047*z - 1036. Determine k(-1).
8
Let h(y) = 155888*y + 2026541. Give h(-13).
-3
Let y(l) = 620*l**2 - 321*l - 323. Give y(-1).
618
Let v(j) = 27773*j - 9803870. Calculate v(353).
-1
Let t(p) = 19*p**3 - 85*p**2 - 92*p + 217. What is t(5)?
7
Let o(f) = 15*f**3 + 1079*f**2 - 46*f + 1885. What is o(-72)?
13
Let u(r) = -r**3 - r**2 + 382*r + 1199. Give u(-3).
71
Let r(l) = -3*l**3 - 180*l**2 + 366*l + 78384. Give r(-53).
-3
Let x(y) = 7718*y - 53814. Give x(7).
212
Let x(o) = 282*o - 388. Calculate x(4).
740
Let s(h) = -55*h**2 + 132*h - 444. Give s(8).
-2908
Let s(v) = -1462*v - 122848. What is s(-84)?
-40
Let d(m) = m**3 + 21*m**2 - 508*m - 7213. Determine d(-12).
179
Let o(b) = -25*b**2 + 508*b - 1072. Calculate o(18).
-28
Let p(u) = u**3 + 94*u**2 + 638*u + 155. Determine p(-87).
-2368
Let u(n) = -2*n**3 + 1009*n**2 - 2499*n - 5519. Determine u(502).
3
Let w(u) = 108*u**2 + 1262*u + 1259. What is w(-1)?
105
Let a(m) = 159*m - 2898. Determine a(23).
759
Let y(d) = 29192*d + 58390. What is y(-2)?
6
Let d(c) = 2*c**2 + 11644*c - 268980. Give d(23).
-110
Let g(t) = -821*t - 17821. Calculate g(-22).
241
Let q(c) = 2283828*c - 6851478. Determine q(3).
6
Let s(v) = 2*v**3 + 1022*v**2 + 19640*v + 25. Give s(-20).
25
Let r(s) = -3*s**3 + 1305*s**2 - 1319*s + 7300. Determine r(434).
-78
Let d(a) = -2*a**3 - 178*a**2 - 354*a - 172. Give d(-87).
350
Let q(j) = 55*j**2 + 945*j + 3960. Give q(-7).
40
Let a(j) = 26039*j + 103781. Give a(-4).
-375
Let a(g) = g**3 - 79*g**2 + 130*g - 607. Give a(77).
-2455
Let o(z) = 26118*z + 1567088. Give o(-60).
8
Let y(a) = -38398*a - 115141. Determine y(-3).
53
Let v(o) = -4382*o**3 - 21908*o**2 + 8*o - 67. What is v(-5)?
-57
Let s(x) = -2*x**3 - 22*x**2 + 125*x + 1393. What is s(-9)?
-56
Let v(b) = b**3 + 25*b**2 - 157*b - 2049. Calculate v(-28).
-5
Let r(o) = 2*o**3 - 32*o**2 + 286*o - 4058. Determine r(15).
-218
Let k(j) = -20*j**3 + 71*j**2 + 51*j - 36. Calculate k(4).
24
Let q(b) = 1688*b - 1723. Determine q(1).
-35
Let j(u) = -456*u - 1217. Determine j(-3).
151
Let h(l) = -4457*l - 27200. Calculate h(-6).
-458
Let q(v) = -61384*v + 368287. Give q(6).
-17
Let f(g) = -310*g**2 + 83696*g + 1083. Determine f(270).
3
Let c(x) = x**3 + 32*x**2 + 69*x - 528. Give c(3).
-6
Let x(v) = 1231*v - 73000. Determine x(57).
-2833
Let u(i) = i**3 - 78*i**2 + 1516*i + 40. What is u(40)?
-120
Let p(q) = -9*q**3 - 5*q**2 + 4217*q + 12658. Give p(-3).
205
Let v(h) = 2545*h - 9950. Calculate v(4).
230
Let t(h) = -4057*h**2 - 3947*h + 107. What is t(-1)?
-3
Let j(d) = -6418*d - 269559. Calculate j(-42).
-3
Let g(p) = 579*p + 38588. Determine g(-70).
-1942
Let g(k) = 4*k**2 - 939*k + 7329. What is g(8)?
73
Let z(d) = 11*d**2 + 581*d - 663. Give z(-54).
39
Let v(p) = -229333*p - 9173317. Determine v(-40).
3
Let y(j) = 109128*j + 109153. Calculate y(-1).
25
Let c(q) = -q**3 - 51*q**2 + 365*q + 4414. Calculate c(-56).
-346
Let m(f) = -78098*f + 780979. Give m(10).
-1
Let w(a) = a**3 + 15*a**2 + 879*a + 15502. What is w(-17)?
-19
Let w(j) = 864469*j + 19018317. What is w(-22)?
-1
Let y(b) = 44*b**3 + 171*b**2 + 1013*b + 4143. Determine y(-4).
11
Let q(n) = 7*n**2 + 1581*n + 19010. Determine q(-12).
1046
Let l(a) = -4*a**2 - 206*a - 6890. What is l(-34)?
-4510
Let t(p) = 26*p**2 + 3326*p - 321. What is t(-127)?
-3369
Let c(y) = 23062*y - 853309. Determine c(37).
-15
Let o(i) = -i**3 + 117*i**2 - 349*i - 1902. Calculate o(114).
-2700
Let z(x) = 4*x**2 + 279*x + 3473. What is z(-18)?
-253
Let t(d) = 2*d**3 - 91*d**2 + 343*d + 479. Determine t(41).
-587
Let c(w) = -2440*w + 758822. Determine c(311).
-18
Let i(n) = 4*n**3 - 18*n**2 + 94*n - 26. Give i(6).
754
Let d(i) = -i**3 - 5*i**2 + 244*i - 1031. Give d(6).
3